 -211. What is the tens digit of x?
1
What is the tens digit of 406/21*(11 + -2)?
7
What is the tens digit of 3*93/9 + 4?
3
Let t(q) = -q**3 - 6*q**2 + 8*q + 8. Let s be t(-7). Let i = s + 5. What is the units digit of i?
6
Suppose -2*s - 5*w + 33 = 0, -21 = -s - w + 3. What is the units digit of s?
9
Let y = -15 + 12. Let r(i) = -i**2 - 3*i + 4. Let g be r(-5). Let p = y - g. What is the units digit of p?
3
Let o = 264 - 115. What is the units digit of o?
9
Suppose -2 - 3 = -5*o. Let l be o*0/(2 - 1). Let s = 6 + l. What is the units digit of s?
6
Suppose -1124 - 528 = -14*g. What is the tens digit of g?
1
What is the hundreds digit of (2 - (-5 + 4))*49?
1
Let r(d) = 11*d**3 + 5*d**2 - 12*d + 3. What is the tens digit of r(3)?
0
Suppose 2*l - p = -5*p - 12, p = -4. Suppose -l*x = x - 12. Suppose x*s - 3*s = 8. What is the units digit of s?
8
Let o(c) = -9*c. What is the units digit of o(-3)?
7
Let u(x) = -x**3 + 8*x**2 + 5*x - 10. Let s(h) = h. Let j(y) = 4*s(y) - u(y). What is the units digit of j(8)?
2
Suppose 11 = 5*c + n, -3*c - 2*c - 4*n + 14 = 0. Suppose 0 = -4*f - q + 85, c*q + 94 = -0*f + 4*f. What is the tens digit of f?
2
Let m = 1 + -1. Suppose -4*n + 3*l + 33 = 0, -2*n - 6 = l - 25. Suppose 0 = 5*v - 2*d - 19 - 10, 3*d - n = m. What is the units digit of v?
7
Let x be (12/(-3) - -2) + -2. Let n = -8 - x. Let c = 6 + n. What is the units digit of c?
2
Let x(b) = -5*b**3 + 6*b**2 - b + 7. Let c(m) = -4*m**3 + 6*m**2 + 6. Let s(a) = -6*c(a) + 5*x(a). Let z be s(-5). What is the units digit of 5 + 0/z + -2?
3
Let j be 3/(-4) - (-18)/(-8). Let u = -5 - j. What is the units digit of (-336)/(-40) + u/5?
8
Suppose 0 = 4*o - g - 107, 3*o - 4*g + 36 = 100. Suppose 0*v = -5*v - 85. Let r = o + v. What is the units digit of r?
1
Suppose -4*m + 54 = -l - 205, 0 = -4*m + 2*l + 258. What is the units digit of m?
5
Let f be 2*(2 + -3) + 11. Let t = 14 - f. What is the units digit of t?
5
Let k be 2/6 - 148/(-6). Let v = -16 + k. What is the units digit of v?
9
Let l(w) = 3*w**3 - 3*w**2 - w + 2. Let h be l(2). Suppose 10 = -3*i + a, i + 2*i + 4*a = -35. Let x = i + h. What is the units digit of x?
7
Let s be 8 - (-2 - (0 - 2)). Let x be s/(-12) + 2/(-6). Let n = x + 8. What is the units digit of n?
7
Suppose 36 = 5*u + 281. Let v = -29 - u. What is the units digit of v?
0
Suppose -668 = q - 3*q. What is the hundreds digit of q?
3
Let f = -5 - -7. Suppose f*s - s - 4 = 0. Suppose 3*i = 2*t - 6, -3*i = -s*t + i + 20. What is the units digit of t?
9
What is the hundreds digit of (6 - 7) + (2 - -1)*42?
1
Suppose -3*m = -4*m - 10. Let p = m + 17. What is the units digit of p?
7
What is the tens digit of (-318)/(-8) - 11/(-44)?
4
Let s be (-2)/(2/(-5))*-1. Let q(n) = n**3 + 6*n**2 + 5*n + 2. Let a be q(s). What is the units digit of ((-2)/a)/(4/(-48))?
2
Suppose -4*z + 271 = 5*m + 42, -3*z + 172 = 4*m. What is the units digit of z?
6
Let y(n) = 12*n + 1. Let s be y(4). What is the units digit of 5/10 + s/2?
5
Suppose -3 = f + 3. What is the units digit of 9/(-27) - 290/f?
8
Suppose 2*r + 2*w + 9 = 57, -2*w = -5*r + 134. What is the tens digit of r?
2
Let t = -4 + -5. Let b = -6 - t. Suppose 2*m = 0, -x + 7 = -b*m - 7. What is the units digit of x?
4
Suppose -4*a - 123 = -7*a. What is the tens digit of a?
4
Let r be -3*(-44)/(-12)*-4. Let b = 75 - r. What is the tens digit of b?
3
Let o be (6/(-7))/((-2)/(-14)). Let i be (-9)/o*(5 + 1). Suppose -4*m + 92 = -r, -5*m - 4*r - i = -124. What is the tens digit of m?
2
Let g = -8 + 13. Suppose k = 5*z - 168, 2*z - g*k - 48 = 10. Suppose 5*l + 2*j - 71 = 0, -2*l - j + z = -3*j. What is the units digit of l?
5
Suppose 4*f + 11 = -5. What is the units digit of (-390)/(-18) + f/6?
1
Let x be 7 + -6 - (-100 + 1). Suppose -13*f = -9*f - x. What is the units digit of f?
5
Let u(s) = -24*s + 27. What is the units digit of u(-6)?
1
What is the tens digit of (32 - 2) + (0 - 2)?
2
Let h = 11 - 17. What is the tens digit of 2*7 + h + 4?
1
Let p(b) = -b**3 + 18*b**2 - b + 19. What is the hundreds digit of p(17)?
2
Suppose 3*h + 6 = 3*z, 9 = 2*z - 3*h + 6*h. Suppose -2 = -2*p, -p - 4*p + z = -2*q. Let c = 0 + q. What is the units digit of c?
1
Let m(h) = -h - 2. Let v be m(-4). Suppose 0 = z + v*z - 120. Suppose 8 = 4*i - z. What is the units digit of i?
2
Let v be ((-2)/(-3))/((-2)/(-24)). Let s = v - 7. What is the units digit of (8/(-12))/(s/(-18))?
2
Let l be 1 - (1 + 0 + -5). What is the units digit of (-2)/l - (-312)/30?
0
Suppose 5*j + 0*j + 16 = 2*z, -j = -4*z + 14. What is the tens digit of (-17 - j)*(-24)/20?
1
Let b be ((-2)/(-6) - -1)*-6. Let a = -19 + 6. Let w = b - a. What is the units digit of w?
5
Let q = -14 - -16. Suppose d - 9 = 2*t, q*d - 3*t + 47 = 6*d. What is the units digit of d?
1
Suppose -2*w + 1 = -3. Suppose -w = -l + 2. What is the units digit of l*3*(-2)/(-6)?
4
Let g(i) = i + 5. Let z be g(-5). Suppose 0*q = 3*q - 5*l - 31, -2*q - 3*l - 11 = z. What is the units digit of q?
2
Let h be (-1)/(-4 + 1 - -2). Let p(v) = 7*v - v**2 + 2 + 2 + h. What is the units digit of p(7)?
5
Suppose l - 1 = 1. Suppose -24 = -l*d + 14. What is the tens digit of d?
1
Suppose -4*z = z + 120. What is the tens digit of 6/z + 77/4?
1
Suppose -n - 2*z - 11 = -2*n, 3*n = -5*z + 33. What is the units digit of n?
1
Let b = 65 - 29. Let v = -20 + b. What is the units digit of v?
6
Suppose 3*a + 16 + 11 = 0. Let c be a/(-6) - (-7)/2. Suppose 0*q = q - 2, 0 = -3*m + 4*q - c. What is the units digit of m?
1
Let z = 27 - -1. What is the units digit of z?
8
Suppose -2*a + 366 = t, 3*a - 561 = -3*t - 9. What is the hundreds digit of a?
1
Let y(v) = -5*v - 1. Let r(g) = -3*g - 1. Let w(h) = 7*r(h) - 4*y(h). Let u be w(0). Let d = 8 + u. What is the units digit of d?
5
Let t(r) = r - 2. Let p be t(0). Let y = 12 + p. What is the tens digit of 2*y*(-4)/(-8)?
1
Suppose 3*p - 2*j - 4 = 2*j, 4*j = -4. Suppose 3*d - 5*d - 2*l = -6, p = -d + 2*l. Suppose 0 = -z + 2*n - d, -3*z + 2*n = -2*n. What is the units digit of z?
4
Let l(d) = 2*d**2 - 11*d + 3. Let b be l(8). Let f = -4 + b. What is the units digit of f?
9
Suppose 0*s + 25 = -4*q + 3*s, -q = -4*s + 3. Let t(p) = -3*p + 1. What is the tens digit of t(q)?
2
Let r(w) = -2 - 10 + 3*w + 14. What is the tens digit of r(8)?
2
Let i = 1 + 3. Let m be 12/i*(1 - 0). Suppose -m*s - s + 16 = 0. What is the units digit of s?
4
Suppose 5*k + 25 = 5*b, 6*b - 23 = b + 3*k. Suppose b*z + 42 = 2. Let g = -9 - z. What is the units digit of g?
1
Suppose -30 = -2*z - 3*z. Let t(a) = a**3 - 5*a**2 - 2*a - 8. Let p be t(z). Suppose -w - w = -p. What is the units digit of w?
8
Suppose -3*f = -4*f + 7. Suppose m - 13 - f = 0. Let o = -5 + m. What is the tens digit of o?
1
Suppose 0 = x + 3*x - 5*t - 110, 3*t = 6. Suppose -3*f = -6*f + x. What is the units digit of f?
0
What is the tens digit of ((-4)/(-1) - 3)/((-2)/(-94))?
4
Let n = 29 + 7. What is the tens digit of n?
3
Let f(m) = m**2 - 8*m - 6. Let z be f(8). Let q = -1 - z. Suppose -q*r = 4*j + j - 85, -4 = 2*j. What is the units digit of r?
9
Let j(p) = -7*p**3 + p**2 + 6*p + 3. Let x(d) = 10*d**3 - d**2 - 9*d - 4. Let c(t) = 7*j(t) + 5*x(t). What is the tens digit of c(2)?
1
Let o = 5 + -3. Suppose 3*x = 2*x + 33. Suppose o*c + c = x. What is the units digit of c?
1
Let h(c) = 5*c**3 - 7*c**2 + 3*c. What is the tens digit of h(3)?
8
Suppose -4*q - 83 = -3*k, 5*k - 7*q = -2*q + 135. Let x = k - 18. What is the units digit of x?
7
Suppose -5*p - 2*k + 8 = 0, -4*k = -2*k + 2. What is the units digit of p?
2
Let p(k) = -k**3 - 8*k**2 + 7*k + 4. Let m be (-357)/39 + 2/13. Let v be p(m). Let g = v + -10. What is the tens digit of g?
1
Suppose 0 = -5*z + 2*c + 35, -6*c - 50 = -5*z - c. Let h be 2*-14*1/(-4). Let w = h - z. What is the units digit of w?
2
Let s = 154 - 75. What is the tens digit of s?
7
Let p = -133 - -224. Suppose 3*b = -34 + p. What is the tens digit of b?
1
Let m be 1*(-5 - -4) + -1. Let u = m + 7. What is the units digit of u?
5
Suppose 5*i - m = 225, -2*m + 19 = i + 3*m. What is the units digit of i?
4
Let y = -16 - -27. What is the tens digit of y?
1
Let z be (60/5)/(3/(-3)). What is the units digit of (12/(-8) + 1)*z?
6
Let s(o) = -o**3 + 4*o**2 + 5*o + 4. Let b be s(5). Let k = b + -9. Let m(v) = -v**2 - 7*v - 3. What is the